{"id":15,"date":"2023-08-01T16:41:14","date_gmt":"2023-08-01T14:41:14","guid":{"rendered":"https:\/\/burg-halle.de\/innenausbautag\/?page_id=15"},"modified":"2025-05-26T13:23:27","modified_gmt":"2025-05-26T11:23:27","slug":"impressum","status":"publish","type":"page","link":"https:\/\/burg-halle.de\/innenausbautag\/impressum\/","title":{"rendered":"Impressum"},"content":{"rendered":"\n<div id=\"impressum\" class=\"wp-block-group cs-content-element has-global-padding is-layout-constrained wp-block-group-is-layout-constrained\">\n<h2 class=\"wp-block-heading\"><strong>Betreiber<\/strong><\/h2>\n\n\n\n<p><br>Tischler Sachsen-Anhalt (Landesinnungsverband) ist eine juristische Person des privaten Rechts und betreibt das Portal des sachsen-anhaltischen Tischlerhandwerks unter der Internet-Domain www.tischler-sachsen-anhalt.de.&nbsp;<\/p>\n<\/div>\n\n\n\n<div class=\"wp-block-group cs-content-element has-global-padding is-layout-constrained wp-block-group-is-layout-constrained\">\n<h2 class=\"wp-block-heading\"><strong>Angaben gem\u00e4\u00df \u00a7 5 TMG<\/strong><\/h2>\n\n\n\n<p><br>Tischler Sachsen-Anhalt<br>Dessauer Str. 8<br>D-06886 Lutherstadt Wittenberg<\/p>\n<\/div>\n\n\n\n<div class=\"wp-block-group cs-content-element has-global-padding is-layout-constrained wp-block-group-is-layout-constrained\">\n<h2 class=\"wp-block-heading\"><strong>Vertreten durch Vorstand\/Gesch\u00e4ftsf\u00fchrung<\/strong><\/h2>\n\n\n\n<p><br>Der Landesinnungsverband wird vertreten durch Frank B\u00f6gelsack (Landesinnungsmeister) sowie dem Vorstand.<\/p>\n<\/div>\n\n\n\n<div class=\"wp-block-group cs-content-element has-global-padding is-layout-constrained wp-block-group-is-layout-constrained\">\n<h2 class=\"wp-block-heading\"><strong>Kontakt<\/strong><\/h2>\n\n\n\n<p><br><\/p>\n\n\n\n<p>Tischler Sachsen-Anhalt<br>c\/o B\u00f6gelsack M\u00f6belmanufaktur GmbH<br>Harzblick 5<br>D-38895 Halberstadt OT Langenstein<\/p>\n\n\n\n<p><a href=\"mailto:info@tischler-sachsen-anhalt.de\">info@tischler-sachsen-anhalt.de<\/a>\u00a0\u00a0\u00a0<\/p>\n<\/div>\n\n\n\n<div class=\"wp-block-group cs-content-element has-global-padding is-layout-constrained wp-block-group-is-layout-constrained\">\n<h2 class=\"wp-block-heading\"><strong>Rechtsaufsicht<\/strong><\/h2>\n\n\n\n<p><br>Ministerium f\u00fcr Wirtschaft, Wissenschaft und Digitalisierung des Landes Sachsen-Anhalt<br>Hasselbachstr. 4, 39104 Magdeburg<br><a rel=\"noreferrer noopener\" href=\"http:\/\/www.mw.sachsen-anhalt.de\" target=\"_blank\">www.mw.sachsen-anhalt.de<\/a><\/p>\n<\/div>\n\n\n\n<div class=\"wp-block-group cs-content-element has-global-padding is-layout-constrained wp-block-group-is-layout-constrained\">\n<h2 class=\"wp-block-heading\"><strong>Verantwortlich f\u00fcr den Inhalt i.S.d. \u00a7 18 Abs. 2 MStV<\/strong><\/h2>\n\n\n\n<p><br>Frank B\u00f6gelsack<br>T.\u00a0 +49 (0)39 41 \/ 58 81 459<br><a href=\"mailto:info@tischler-sachsen-anhalt.de\">info@tischler-sachsen-anhalt.de<\/a><\/p>\n<\/div>\n\n\n\n<div class=\"wp-block-group cs-content-element has-global-padding is-layout-constrained wp-block-group-is-layout-constrained\">\n<h2 class=\"wp-block-heading\"><strong>Haftung f\u00fcr Inhalte<\/strong><\/h2>\n\n\n\n<p><br>Als Diensteanbieter sind wir gem\u00e4\u00df \u00a7 7 Abs.1 TMG f\u00fcr eigene Inhalte auf diesen Seiten nach den allgemeinen Gesetzen verantwortlich. Nach \u00a7\u00a7 8 bis 10 TMG sind wir als Diensteanbieter jedoch nicht verpflichtet, \u00fcbermittelte oder gespeicherte fremde Informationen zu \u00fcberwachen oder nach Umst\u00e4nden zu forschen, die auf eine rechtswidrige T\u00e4tigkeit hinweisen. Verpflichtungen zur Entfernung oder Sperrung der Nutzung von Informationen nach den allgemeinen Gesetzen bleiben hiervon unber\u00fchrt. Eine diesbez\u00fcgliche Haftung ist jedoch erst ab dem Zeitpunkt der Kenntnis einer konkreten Rechtsverletzung m\u00f6glich. Bei Bekanntwerden von entsprechenden Rechtsverletzungen werden wir diese Inhalte umgehend entfernen.<\/p>\n<\/div>\n\n\n\n<div class=\"wp-block-group cs-content-element has-global-padding is-layout-constrained wp-block-group-is-layout-constrained\">\n<h2 class=\"wp-block-heading\"><strong>Haftung f\u00fcr Links<\/strong><\/h2>\n\n\n\n<p><br>Unser Angebot enth\u00e4lt Links zu externen Websites Dritter, auf deren Inhalte wir keinen Einfluss haben. Deshalb k\u00f6nnen wir f\u00fcr diese fremden Inhalte auch keine Gew\u00e4hr \u00fcbernehmen. F\u00fcr die Inhalte der verlinkten Seiten ist stets der jeweilige Anbieter oder Betreiber der Seiten verantwortlich. Die verlinkten Seiten wurden zum Zeitpunkt der Verlinkung auf m\u00f6gliche Rechtsverst\u00f6\u00dfe \u00fcberpr\u00fcft. Rechtswidrige Inhalte waren zum Zeitpunkt der Verlinkung nicht erkennbar. Eine permanente inhaltliche Kontrolle der verlinkten Seiten ist jedoch ohne konkrete Anhaltspunkte einer Rechtsverletzung nicht zumutbar. Bei Bekanntwerden von Rechtsverletzungen werden wir derartige Links umgehend entfernen.<\/p>\n<\/div>\n\n\n\n<div class=\"wp-block-group cs-content-element has-global-padding is-layout-constrained wp-block-group-is-layout-constrained\">\n<h2 class=\"wp-block-heading\"><strong>Urheberrecht<\/strong><\/h2>\n\n\n\n<p><br>Die durch die Seitenbetreiber erstellten Inhalte und Werke auf diesen Seiten unterliegen dem deutschen Urheberrecht. Die Vervielf\u00e4ltigung, Bearbeitung, Verbreitung und jede Art der Verwertung au\u00dferhalb der Grenzen des Urheberrechtes bed\u00fcrfen der schriftlichen Zustimmung des jeweiligen Autors bzw. Erstellers. Downloads und Kopien dieser Seite sind nur f\u00fcr den privaten, nicht kommerziellen Gebrauch gestattet. Soweit die Inhalte auf dieser Seite nicht vom Betreiber erstellt wurden, werden die Urheberrechte Dritter beachtet. Insbesondere werden Inhalte Dritter als solche gekennzeichnet. Sollten Sie trotzdem auf eine Urheberrechtsverletzung aufmerksam werden, bitten wir um einen entsprechenden Hinweis. Bei Bekanntwerden von Rechtsverletzungen werden wir derartige Inhalte umgehend entfernen.<\/p>\n<\/div>\n\n\n\n<div class=\"wp-block-group cs-content-element has-global-padding is-layout-constrained wp-block-group-is-layout-constrained\">\n<h2 class=\"wp-block-heading\"><strong>Bildquellennachweis<\/strong><\/h2>\n\n\n\n<p><br><\/p>\n\n\n\n<p>Auf dieser Website verwendete Bilder stammen, soweit nicht am Bild ausgewiesen, aus folgenden Quellen: Yvonne Most, Lucas B\u00f6gelsack, Martin Patze Die Portraits der Referent*innen wurden uns von selbigen zur Verf\u00fcgung gestellt.<\/p>\n<\/div>\n\n\n\n<div class=\"wp-block-group cs-content-element has-global-padding is-layout-constrained wp-block-group-is-layout-constrained\">\n<p>Quelle: eRecht24<\/p>\n<\/div>\n","protected":false},"excerpt":{"rendered":"<p>Betreiber Tischler Sachsen-Anhalt (Landesinnungsverband) ist eine juristische Person des privaten Rechts und betreibt das Portal des sachsen-anhaltischen Tischlerhandwerks unter der Internet-Domain www.tischler-sachsen-anhalt.de.&nbsp; Angaben gem\u00e4\u00df \u00a7 5 TMG Tischler Sachsen-AnhaltDessauer Str. 8D-06886 Lutherstadt Wittenberg Vertreten durch Vorstand\/Gesch\u00e4ftsf\u00fchrung Der Landesinnungsverband wird vertreten durch Frank B\u00f6gelsack (Landesinnungsmeister) sowie dem Vorstand. Kontakt Tischler Sachsen-Anhaltc\/o B\u00f6gelsack M\u00f6belmanufaktur GmbHHarzblick 5D-38895 Halberstadt [&hellip;]<\/p>\n","protected":false},"author":1,"featured_media":0,"parent":0,"menu_order":0,"comment_status":"closed","ping_status":"closed","template":"","meta":{"footnotes":""},"acf":[],"_links":{"self":[{"href":"https:\/\/burg-halle.de\/innenausbautag\/wp-json\/wp\/v2\/pages\/15"}],"collection":[{"href":"https:\/\/burg-halle.de\/innenausbautag\/wp-json\/wp\/v2\/pages"}],"about":[{"href":"https:\/\/burg-halle.de\/innenausbautag\/wp-json\/wp\/v2\/types\/page"}],"author":[{"embeddable":true,"href":"https:\/\/burg-halle.de\/innenausbautag\/wp-json\/wp\/v2\/users\/1"}],"replies":[{"embeddable":true,"href":"https:\/\/burg-halle.de\/innenausbautag\/wp-json\/wp\/v2\/comments?post=15"}],"version-history":[{"count":9,"href":"https:\/\/burg-halle.de\/innenausbautag\/wp-json\/wp\/v2\/pages\/15\/revisions"}],"predecessor-version":[{"id":1210,"href":"https:\/\/burg-halle.de\/innenausbautag\/wp-json\/wp\/v2\/pages\/15\/revisions\/1210"}],"wp:attachment":[{"href":"https:\/\/burg-halle.de\/innenausbautag\/wp-json\/wp\/v2\/media?parent=15"}],"curies":[{"name":"wp","href":"https:\/\/api.w.org\/{rel}","templated":true}]}}

<div id="impressum" class="wp-block-group cs-content-element has-global-padding is-layout-constrained wp-block-group-is-layout-constrained">
<h2 class="wp-block-heading"><strong>Betreiber</strong></h2>



<p><br>Tischler Sachsen-Anhalt (Landesinnungsverband) ist eine juristische Person des privaten Rechts und betreibt das Portal des sachsen-anhaltischen Tischlerhandwerks unter der Internet-Domain www.tischler-sachsen-anhalt.de.&nbsp;</p>
</div>



<div class="wp-block-group cs-content-element has-global-padding is-layout-constrained wp-block-group-is-layout-constrained">
<h2 class="wp-block-heading"><strong>Angaben gemäß § 5 TMG</strong></h2>



<p><br>Tischler Sachsen-Anhalt<br>Dessauer Str. 8<br>D-06886 Lutherstadt Wittenberg</p>
</div>



<div class="wp-block-group cs-content-element has-global-padding is-layout-constrained wp-block-group-is-layout-constrained">
<h2 class="wp-block-heading"><strong>Vertreten durch Vorstand/Geschäftsführung</strong></h2>



<p><br>Der Landesinnungsverband wird vertreten durch Frank Bögelsack (Landesinnungsmeister) sowie dem Vorstand.</p>
</div>



<div class="wp-block-group cs-content-element has-global-padding is-layout-constrained wp-block-group-is-layout-constrained">
<h2 class="wp-block-heading"><strong>Kontakt</strong></h2>



<p><br></p>



<p>Tischler Sachsen-Anhalt<br>c/o Bögelsack Möbelmanufaktur GmbH<br>Harzblick 5<br>D-38895 Halberstadt OT Langenstein</p>



<p><a href="mailto:info@tischler-sachsen-anhalt.de">info@tischler-sachsen-anhalt.de</a>   </p>
</div>



<div class="wp-block-group cs-content-element has-global-padding is-layout-constrained wp-block-group-is-layout-constrained">
<h2 class="wp-block-heading"><strong>Rechtsaufsicht</strong></h2>



<p><br>Ministerium für Wirtschaft, Wissenschaft und Digitalisierung des Landes Sachsen-Anhalt<br>Hasselbachstr. 4, 39104 Magdeburg<br><a rel="noreferrer noopener" href="http://www.mw.sachsen-anhalt.de" target="_blank">www.mw.sachsen-anhalt.de</a></p>
</div>



<div class="wp-block-group cs-content-element has-global-padding is-layout-constrained wp-block-group-is-layout-constrained">
<h2 class="wp-block-heading"><strong>Verantwortlich für den Inhalt i.S.d. § 18 Abs. 2 MStV</strong></h2>



<p><br>Frank Bögelsack<br>T.  +49 (0)39 41 / 58 81 459<br><a href="mailto:info@tischler-sachsen-anhalt.de">info@tischler-sachsen-anhalt.de</a></p>
</div>



<div class="wp-block-group cs-content-element has-global-padding is-layout-constrained wp-block-group-is-layout-constrained">
<h2 class="wp-block-heading"><strong>Haftung für Inhalte</strong></h2>



<p><br>Als Diensteanbieter sind wir gemäß § 7 Abs.1 TMG für eigene Inhalte auf diesen Seiten nach den allgemeinen Gesetzen verantwortlich. Nach §§ 8 bis 10 TMG sind wir als Diensteanbieter jedoch nicht verpflichtet, übermittelte oder gespeicherte fremde Informationen zu überwachen oder nach Umständen zu forschen, die auf eine rechtswidrige Tätigkeit hinweisen. Verpflichtungen zur Entfernung oder Sperrung der Nutzung von Informationen nach den allgemeinen Gesetzen bleiben hiervon unberührt. Eine diesbezügliche Haftung ist jedoch erst ab dem Zeitpunkt der Kenntnis einer konkreten Rechtsverletzung möglich. Bei Bekanntwerden von entsprechenden Rechtsverletzungen werden wir diese Inhalte umgehend entfernen.</p>
</div>



<div class="wp-block-group cs-content-element has-global-padding is-layout-constrained wp-block-group-is-layout-constrained">
<h2 class="wp-block-heading"><strong>Haftung für Links</strong></h2>



<p><br>Unser Angebot enthält Links zu externen Websites Dritter, auf deren Inhalte wir keinen Einfluss haben. Deshalb können wir für diese fremden Inhalte auch keine Gewähr übernehmen. Für die Inhalte der verlinkten Seiten ist stets der jeweilige Anbieter oder Betreiber der Seiten verantwortlich. Die verlinkten Seiten wurden zum Zeitpunkt der Verlinkung auf mögliche Rechtsverstöße überprüft. Rechtswidrige Inhalte waren zum Zeitpunkt der Verlinkung nicht erkennbar. Eine permanente inhaltliche Kontrolle der verlinkten Seiten ist jedoch ohne konkrete Anhaltspunkte einer Rechtsverletzung nicht zumutbar. Bei Bekanntwerden von Rechtsverletzungen werden wir derartige Links umgehend entfernen.</p>
</div>



<div class="wp-block-group cs-content-element has-global-padding is-layout-constrained wp-block-group-is-layout-constrained">
<h2 class="wp-block-heading"><strong>Urheberrecht</strong></h2>



<p><br>Die durch die Seitenbetreiber erstellten Inhalte und Werke auf diesen Seiten unterliegen dem deutschen Urheberrecht. Die Vervielfältigung, Bearbeitung, Verbreitung und jede Art der Verwertung außerhalb der Grenzen des Urheberrechtes bedürfen der schriftlichen Zustimmung des jeweiligen Autors bzw. Erstellers. Downloads und Kopien dieser Seite sind nur für den privaten, nicht kommerziellen Gebrauch gestattet. Soweit die Inhalte auf dieser Seite nicht vom Betreiber erstellt wurden, werden die Urheberrechte Dritter beachtet. Insbesondere werden Inhalte Dritter als solche gekennzeichnet. Sollten Sie trotzdem auf eine Urheberrechtsverletzung aufmerksam werden, bitten wir um einen entsprechenden Hinweis. Bei Bekanntwerden von Rechtsverletzungen werden wir derartige Inhalte umgehend entfernen.</p>
</div>



<div class="wp-block-group cs-content-element has-global-padding is-layout-constrained wp-block-group-is-layout-constrained">
<h2 class="wp-block-heading"><strong>Bildquellennachweis</strong></h2>



<p><br></p>



<p>Auf dieser Website verwendete Bilder stammen, soweit nicht am Bild ausgewiesen, aus folgenden Quellen: Yvonne Most, Lucas Bögelsack, Martin Patze Die Portraits der Referent*innen wurden uns von selbigen zur Verfügung gestellt.</p>
</div>



<div class="wp-block-group cs-content-element has-global-padding is-layout-constrained wp-block-group-is-layout-constrained">
<p>Quelle: eRecht24</p>
</div>

<p>Betreiber Tischler Sachsen-Anhalt (Landesinnungsverband) ist eine juristische Person des privaten Rechts und betreibt das Portal des sachsen-anhaltischen Tischlerhandwerks unter der Internet-Domain www.tischler-sachsen-anhalt.de.&nbsp; Angaben gemäß § 5 TMG Tischler Sachsen-AnhaltDessauer Str. 8D-06886 Lutherstadt Wittenberg Vertreten durch Vorstand/Geschäftsführung Der Landesinnungsverband wird vertreten durch Frank Bögelsack (Landesinnungsmeister) sowie dem Vorstand. Kontakt Tischler Sachsen-Anhaltc/o Bögelsack Möbelmanufaktur GmbHHarzblick 5D-38895 Halberstadt [&hellip;]</p>
